43
Let q(c) = 16*c**2 + 215*c - 60. Determine q(-14).
66
Let y(m) = 60*m**3 - 596*m**2 - 42*m + 25. Determine y(10).
5
Let w(o) = 3*o**2 + 54*o - 110. Give w(-20).
10
Let v(q) = -238*q - 979. What is v(-4)?
-27
Let n(a) = a**2 + 53*a + 211. Give n(-5).
-29
Let a(c) = -194*c + 1496. Determine a(8).
-56
Let z(g) = -g**3 + 31*g + 19. What is z(6)?
-11
Let m(a) = -a**3 - a**2 + 39*a + 104. What is m(-5)?
9
Let a(n) = n**3 + 9*n**2 - 17*n - 60. Determine a(-7).
157
Let h(t) = t**2 - 14*t - 49. What is h(21)?
98
Let o(j) = -188*j + 1681. What is o(9)?
-11
Let b(m) = -2*m**2 - 24*m - 1. Determine b(-12).
-1
Let x(q) = q**3 + 12*q**2 - 30*q - 49. Give x(-14).
-21
Let s(j) = j**2 + 49*j - 1204. Determine s(-67).
2
Let a(l) = -l**3 - 44*l**2 - 48*l - 250. Give a(-43).
-35
Let c(g) = -g**3 - 22*g**2 + 12*g - 235. Determine c(-23).
18
Let z(x) = -392*x - 29799. Give z(-76).
-7
Let v(f) = 30*f + 364. Determine v(-9).
94
Let k(m) = -m**3 + 22*m**2 - 64*m + 37. Determine k(18).
181
Let x(l) = 98*l + 289. Calculate x(-3).
-5
Let l(u) = 13794*u - 41380. Determine l(3).
2
Let m(l) = -4*l**2 + 13*l - 12. Determine m(-8).
-372
Let p(o) = 1288*o + 2572. What is p(-2)?
-4
Let f(h) = -22*h + 311. What is f(24)?
-217
Let q(h) = h**2 - 25*h - 162. Give q(-7).
62
Let q(a) = a**2 - 2*a - 25. Determine q(-4).
-1
Let b(g) = 27*g - 40. Calculate b(5).
95
Let l(s) = -13*s**3 - 103*s**2 + 26*s + 138. What is l(-8)?
-6
Let p(l) = -73*l**2 - 139*l + 21. Give p(-2).
7
Let p(l) = -5*l**2 - 302*l + 1493. Give p(-65).
-2
Let q(j) = j**2 - 69*j - 1190. What is q(-14)?
-28
Let d(z) = 25*z**2 - 73*z - 9. What is d(3)?
-3
Let y(t) = -13*t**2 + 80*t + 90. Determine y(7).
13
Let h(z) = 13*z**2 + 53*z + 7. Calculate h(-4).
3
Let n(c) = 16*c**3 + c**2 - 20*c - 30. Calculate n(-4).
-958
Let y(h) = -3*h**3 - 776*h**2 + 266*h + 1806. Give y(-259).
-7
Let z(b) = -b**2 + 17*b - 27. Determine z(16).
-11
Let k(d) = -8*d**2 + 79*d + 268. What is k(-3)?
-41
Let n(o) = o**3 - 19*o**2 - 9*o + 36. Give n(20).
256
Let w(r) = 3*r**2 + 16*r - 668. Calculate w(17).
471
Let t(u) = -u**2 + 70*u - 142. Give t(67).
59
Let b(q) = -q**3 - 10*q**2 + 12*q - 1. What is b(-12)?
143
Let z(p) = 830*p + 6635. Give z(-8).
-5
Let u(w) = -w - 119. Calculate u(26).
-145
Let m(f) = 45*f**2 - 186*f + 3. Determine m(4).
-21
Let r(t) = -61*t - 4365. What is r(-72)?
27
Let m(u) = -9*u**2 - 1787*u + 16814. Determine m(9).
2
Let n(m) = -m**3 - 39*m**2 - 282*m + 2. Give n(-10).
-78
Let t(j) = 25*j**2 + 118*j - 465. Determine t(4).
407
Let g(o) = 28*o**2 + 5*o - 16. What is g(2)?
106
Let x(d) = d**3 + 64*d**2 - 8*d - 453. Calculate x(-64).
59
Let w(z) = -11*z**3 - 2*z**2 + 10*z - 6. Determine w(3).
-291
Let f(t) = -1946*t + 36972. Give f(19).
-2
Let s(p) = p**3 + 19*p**2 + 36*p + 265. Give s(-18).
-59
Let n(m) = -374*m - 1128. Give n(-3).
-6
Let v(f) = -f**2 - 38*f - 73. Determine v(-19).
288
Let h(y) = -y**3 - 7*y**2 + 30*y - 16. What is h(-11)?
138
Let u(d) = 54*d**3 - d + 7. Calculate u(-2).
-423
Let h(t) = 2503*t + 12561. What is h(-5)?
46
Let c(m) = -44*m + 882. Give c(20).
2
Let n(w) = w**2 - 1680*w + 11710. Calculate n(7).
-1
Let v(g) = 81*g + 323. Determine v(-4).
-1
Let v(g) = 715*g**2 + 720*g - 2. Calculate v(-1).
-7
Let x(l) = -l**2 - 110*l - 2075. Determine x(-24).
-11
Let y(l) = 25*l - 162. Calculate y(12).
138
Let w(u) = 2*u**2 + 9*u - 391. What is w(-17)?
34
Let j(m) = 340*m + 217. What is j(-1)?
-123
Let p(i) = -2*i**3 + 15*i**2 - 3*i + 16. Determine p(8).
-72
Let g(z) = z**3 - 197*z**2 - 221*z + 4561. Calculate g(198).
7
Let q(i) = 2*i**3 - 111*i**2 - 63*i + 400. Calculate q(56).
8
Let s(m) = -m**2 + 19*m + 86. What is s(26)?
-96
Let h(a) = -23*a - 66. Give h(-3).
3
Let l(r) = r**3 - 34*r**2 - 123*r + 414. Determine l(37).
-30
Let g(v) = 52*v + 1592. Give g(-31).
-20
Let f(l) = -10*l - 228. Determine f(-22).
-8
Let h(s) = s**2 - 374*s + 27395. What is h(100)?
-5
Let m(r) = -r**2 - 42*r - 77. Give m(-40).
3
Let o(q) = 427*q + 432. Calculate o(-1).
5
Let v(d) = -d**3 + 12*d**2 - 8*d + 8. Give v(11).
41
Let w(a) = 104*a**2 + 1253*a + 67. Calculate w(-12).
7
Let i(n) = 104*n + 456. What is i(-1)?
352
Let y(z) = -4*z**2 - 60*z - 53. Calculate y(-9).
163
Let f(m) = m**2 - 13*m - 67. Calculate f(-7).
73
Let c(q) = 4*q - 175. Determine c(-13).
-227
Let r(n) = -205*n - 201. What is r(-1)?
4
Let a(j) = -4*j**2 + 87*j - 236. Determine a(3).
-11
Let r(l) = 80*l**3 + l**2 - 58*l - 59. Determine r(-1).
-80
Let q(r) = -r**3 + 8*r**2 - 3*r + 13. Calculate q(8).
-11
Let j(q) = -20*q + 98. Calculate j(-2).
138
Let b(q) = -4*q**3 - 6*q**2 - 2*q + 9. What is b(4)?
-351
Let n(s) = -290*s + 1172. What is n(4)?
12
Let u(w) = 37*w - 294. Determine u(8).
2
Let m(d) = -4*d**2 + 9*d - 34. Calculate m(4).
-62
Let y(s) = 2004*s - 40110. Give y(20).
-30
Let d(g) = -3*g**3 - 48*g**2 + 44*g - 2. What is d(1)?
-9
Let w(s) = s**3 + 4*s**2 - 179*s - 10. What is w(-16)?
-218
Let x(v) = -v**3 - 33*v**2 - 142*v - 59. Calculate x(-28).
-3
Let o(v) = -7*v + 272. Determine o(24).
104
Let u(t) = -9433*t + 56595. What is u(6)?
-3
Let q(p) = -199*p - 8943. Determine q(-45).
12
Let y(s) = -7*s**2 + 45*s + 76. What is y(8)?
-12
Let m(c) = 1321*c - 3948. Calculate m(3).
15
Let i(c) = c**3 + 17*c**2 - 134*c - 226. Calculate i(7).
12
Let y(c) = c**3 + 8*c**2 + 17*c + 87. Give y(-7).
17
Let f(p) = p**2 + 127*p + 3678. What is f(-82)?
-12
Let b(w) = 2*w**3 + 46*w**2 - 94*w - 24. What is b(-25)?
-174
Let t(h) = h**2 - 203*h + 8126. Calculate t(148).
-14
Let q(z) = 12*z**2 + 278*z - 847. Calculate q(-26).
37
Let x(a) = 30*a + 117. Determine x(-4).
-3
Let l(j) = 454*j - 113048. Determine l(249).
-2
Let q(u) = u**2 + 308*u + 19111. Give q(-222).
19
Let f(d) = -20*d**2 - 3154*d + 945. Calculate f(-158).
-3
Let c(l) = 258*l - 4124. Determine c(16).
4
Let t(a) = a**2 + 65*a + 169. Determine t(-62).
-17
Let q(k) = k**3 - 20*k**2 + 5*k + 39. Give q(20).
139
Let k(v) = 13*v**2 - 82*v. Determine k(7).
63
Let j(s) = 5*s - 458. Give j(52).
-198
Let t(i) = 99*i + 31. What is t(3)?
328
Let r(m) = -722*m - 6497. Determine r(-9).
1
Let z(v) = -24*v - 72. Calculate z(-2).
-24
Let l(n) = 110*n**2 + 424*n - 74. Determine l(-4).
-10
Let n(a) = -12*a**3 + 9*a + 17. Determine n(-2).
95
Let y(c) = -21*c - 12. What is y(-8)?
156
Let c(z) = z**2 + 4*z - 129. Calculate c(12).
63
Let s(y) = -3*y**2 + 49*y + 30. What is s(16)?
46
Let z(r) = -r**2 + 38*r - 309. Determine z(14).
27
Let b(n) = 4504*n + 13498. Determine b(-3).
-14
Let w(v) = -30*v + 541. What is w(17)?
31
Let w(q) = 43*q + 219. What is w(-5)?
4
Let i(q) = q**2 - 47*q - 278. What is i(52)?
-18
Let f(t) = -3*t**3 - 62*t**2 - 145*t - 13. Give f(-18).
5
Let h(a) = 23*a + 276. What is h(-12)?
0
Let g(h) = -48*h - 79. Determine g(-2).
17
Let r(i) = -i**3 - 13*i**2 - 46*i - 9. Calculate r(-7).
19
Let y(j) = -j**3 + 23*j**2 + 79*j - 28. Give y(26).
-2
Let v(i) = -1900*i - 94991. Give v(-50).
9
Let r(v) = 34*v + 688. What is r(-19)?
42
Let w(j) = 340*j - 6802. Calculate w(20).
-2
Let r(x) = 345*x - 35. What is r(-1)?
-380
Let r(l) = -5*l - 44. Calculate r(-12).
16
Let t(q) = -2*q**3 + 60*q**2 + 77*q - 322. Calculate t(31).
143
Let a(x) = x**3 + 12*x**2 - 25*x - 72. What is a(-14)?
-114
Let f(y) = 2*y**3 + 8*y**2 + 5*y - 2. Determine f(-3).
1
Let l(y) = -24*y**3 + 432*y**2 - 2*y + 22. Calculate l(18).
-14
Let p(g) = g**2 - 29*g + 195. Determine p(8).
27
Let h(f) = f**3 + 20*f**2 - 99*f - 150. Calculate h(-24).
-78
Let p(m) = 584*m + 4072. Calculate p(-7).
-16
Let u(j) = 6*j**2 - 10*j - 8. What is u(2)?
-4
Let g(c) = -6*c**2 + 84*c - 74. Calculate g(12).
70
Let b(c) = -c**3 - 3*c**2 + 10*c - 5. Determine b(0).
-5
Let y(l) = -67*l**2 - 659*l + 115. What is y(-10)?
5
Let a(k) = -7*k**2 + 6*k + 70. Calculate a(5).
-75
Let p(t) = -37*t + 1979. Give p(53).
18
Let q(f) = -7*f + 378. Give q(33).
147
Let q(l) = 292*l + 1169. Calculate q(-4).
1
Let n(m) = -8*m**2 - 44*m + 187. Determine n(7).
-513
Let f(s) = -24*s + 63. Determine f(2).
15
Let g(y) = -2*y**2 - 16*y - 15. What is g(-8)?
-15
Let v(y) = 162*y - 3887. Calculate v(24).
1
Let n(y) = 3*y**3 - 33*y**2 - 19*y + 176. What is n(11)?
-33
Let p(k) = -248*k**2 - 2. What is p(-1)?
-250
Let v(y) = y**3 + 28*y**2 + 73*y + 518. Calculate v(-26).
-28
Let z(p) = p**3 + 61*p**2 - 43*p - 2620. Calcu